{"id":125,"date":"2015-03-20T10:03:07","date_gmt":"2015-03-20T10:03:07","guid":{"rendered":"http:\/\/fundacionvaldessalas.es\/misadegaita\/?page_id=125"},"modified":"2022-04-11T17:47:45","modified_gmt":"2022-04-11T17:47:45","slug":"miembros-del-taller","status":"publish","type":"page","link":"https:\/\/fundacionvaldessalas.es\/misadegaita\/miembros-del-taller\/","title":{"rendered":"Miembros del taller"},"content":{"rendered":"<p><a href=\"http:\/\/fundacionvaldessalas.es\/misadegaita\/wp-content\/uploads\/2015\/03\/taller.jpg\"><img loading=\"lazy\" class=\"aligncenter size-large wp-image-648\" src=\"http:\/\/fundacionvaldessalas.es\/misadegaita\/wp-content\/uploads\/2015\/03\/taller-1024x657.jpg\" alt=\"\" width=\"610\" height=\"391\" srcset=\"https:\/\/fundacionvaldessalas.es\/misadegaita\/wp-content\/uploads\/2015\/03\/taller-1024x657.jpg 1024w, https:\/\/fundacionvaldessalas.es\/misadegaita\/wp-content\/uploads\/2015\/03\/taller-300x193.jpg 300w, https:\/\/fundacionvaldessalas.es\/misadegaita\/wp-content\/uploads\/2015\/03\/taller-768x493.jpg 768w\" sizes=\"(max-width: 610px) 100vw, 610px\" \/><\/a><strong><br \/>\nDirector musical<\/strong><\/p>\n<ul>\n<li>Joaqu\u00edn Valde\u00f3n, director del Coro Universitario de Oviedo<\/li>\n<\/ul>\n<p><strong>Cantante invitada permanente<br \/>\n<\/strong><\/p>\n<ul>\n<li>Mari Luz Crist\u00f3bal Caunedo<\/li>\n<\/ul>\n<p><strong>Solista<\/strong><\/p>\n<ul>\n<li>Pepe\u00b4l Mol\u00edn<\/li>\n<\/ul>\n<p><strong>Gaiteros<\/strong><\/p>\n<ul>\n<li>Xaime Men\u00e9ndez<\/li>\n<li>Luis \u00c1lvarez Pola<\/li>\n<li>Llori\u00e1n Garc\u00eda Fl\u00f3rez<\/li>\n<\/ul>\n<p><strong>Cantores<\/strong><\/p>\n<ul>\n<li>Aurora Alba Garc\u00eda<\/li>\n<li>Manuel \u00c1lvarez P\u00e9rez<\/li>\n<li>Carlos Franganillo Fuentes<\/li>\n<li>Enedina Garc\u00eda G\u00f3mez<\/li>\n<li>Santiago Garc\u00eda G\u00f3mez<\/li>\n<li>F\u00e9lix Mart\u00edn Mart\u00ednez<\/li>\n<li>Nuria Men\u00e9ndez Alba<\/li>\n<li>Elena Mar\u00eda Men\u00e9ndez L\u00f3pez<\/li>\n<li>Maria Josefa Su\u00e1rez Fern\u00e1ndez<\/li>\n<li>Paco Valledor<\/li>\n<\/ul>\n<p><strong>Asesor<\/strong><\/p>\n<ul>\n<li>\u00c1ngel Medina, catedr\u00e1tico de Musicolog\u00eda de la Universidad de Oviedo.<\/li>\n<\/ul>\n<p><strong>Personas que han estado temporalmente en el Taller<\/strong><\/p>\n<ul>\n<li>Eduardo Ajenjo P\u00e9rez<\/li>\n<li>Juan Alfonso Fern\u00e1ndez Garc\u00eda<\/li>\n<li>Miguel Rodilla Garc\u00eda<\/li>\n<li>Patricia Toyos Gonz\u00e1lez<\/li>\n<li>Mar\u00eda Luisa Miravalles<\/li>\n<li>Mar\u00eda Andrea Perochon Fern\u00e1ndez<\/li>\n<li>Sara Rodilla Garc\u00eda<\/li>\n<li>Jes\u00fas S\u00e1nchez Sanzo<\/li>\n<li>Agust\u00edn Garc\u00eda Pire<\/li>\n<\/ul>\n","protected":false},"excerpt":{"rendered":"<p>Director musical Joaqu\u00edn Valde\u00f3n, director del Coro Universitario de Oviedo Cantante invitada permanente Mari Luz Crist\u00f3bal Caunedo Solista Pepe\u00b4l Mol\u00edn Gaiteros Xaime Men\u00e9ndez Luis \u00c1lvarez Pola Llori\u00e1n Garc\u00eda Fl\u00f3rez Cantores Aurora Alba Garc\u00eda Manuel \u00c1lvarez P\u00e9rez Carlos Franganillo Fuentes Enedina Garc\u00eda G\u00f3mez Santiago Garc\u00eda G\u00f3mez F\u00e9lix Mart\u00edn Mart\u00ednez Nuria Men\u00e9ndez Alba Elena Mar\u00eda Men\u00e9ndez L\u00f3pez [&hellip;]<\/p>\n","protected":false},"author":1,"featured_media":0,"parent":0,"menu_order":0,"comment_status":"closed","ping_status":"open","template":"","meta":[],"_links":{"self":[{"href":"https:\/\/fundacionvaldessalas.es\/misadegaita\/wp-json\/wp\/v2\/pages\/125"}],"collection":[{"href":"https:\/\/fundacionvaldessalas.es\/misadegaita\/wp-json\/wp\/v2\/pages"}],"about":[{"href":"https:\/\/fundacionvaldessalas.es\/misadegaita\/wp-json\/wp\/v2\/types\/page"}],"author":[{"embeddable":true,"href":"https:\/\/fundacionvaldessalas.es\/misadegaita\/wp-json\/wp\/v2\/users\/1"}],"replies":[{"embeddable":true,"href":"https:\/\/fundacionvaldessalas.es\/misadegaita\/wp-json\/wp\/v2\/comments?post=125"}],"version-history":[{"count":8,"href":"https:\/\/fundacionvaldessalas.es\/misadegaita\/wp-json\/wp\/v2\/pages\/125\/revisions"}],"predecessor-version":[{"id":882,"href":"https:\/\/fundacionvaldessalas.es\/misadegaita\/wp-json\/wp\/v2\/pages\/125\/revisions\/882"}],"wp:attachment":[{"href":"https:\/\/fundacionvaldessalas.es\/misadegaita\/wp-json\/wp\/v2\/media?parent=125"}],"curies":[{"name":"wp","href":"https:\/\/api.w.org\/{rel}","templated":true}]}}

<p><a href="http://fundacionvaldessalas.es/misadegaita/wp-content/uploads/2015/03/taller.jpg"><img loading="lazy" class="aligncenter size-large wp-image-648" src="http://fundacionvaldessalas.es/misadegaita/wp-content/uploads/2015/03/taller-1024x657.jpg" alt="" width="610" height="391" srcset="https://fundacionvaldessalas.es/misadegaita/wp-content/uploads/2015/03/taller-1024x657.jpg 1024w, https://fundacionvaldessalas.es/misadegaita/wp-content/uploads/2015/03/taller-300x193.jpg 300w, https://fundacionvaldessalas.es/misadegaita/wp-content/uploads/2015/03/taller-768x493.jpg 768w" sizes="(max-width: 610px) 100vw, 610px" /></a><strong><br />
Director musical</strong></p>
<ul>
<li>Joaquín Valdeón, director del Coro Universitario de Oviedo</li>
</ul>
<p><strong>Cantante invitada permanente<br />
</strong></p>
<ul>
<li>Mari Luz Cristóbal Caunedo</li>
</ul>
<p><strong>Solista</strong></p>
<ul>
<li>Pepe´l Molín</li>
</ul>
<p><strong>Gaiteros</strong></p>
<ul>
<li>Xaime Menéndez</li>
<li>Luis Álvarez Pola</li>
<li>Llorián García Flórez</li>
</ul>
<p><strong>Cantores</strong></p>
<ul>
<li>Aurora Alba García</li>
<li>Manuel Álvarez Pérez</li>
<li>Carlos Franganillo Fuentes</li>
<li>Enedina García Gómez</li>
<li>Santiago García Gómez</li>
<li>Félix Martín Martínez</li>
<li>Nuria Menéndez Alba</li>
<li>Elena María Menéndez López</li>
<li>Maria Josefa Suárez Fernández</li>
<li>Paco Valledor</li>
</ul>
<p><strong>Asesor</strong></p>
<ul>
<li>Ángel Medina, catedrático de Musicología de la Universidad de Oviedo.</li>
</ul>
<p><strong>Personas que han estado temporalmente en el Taller</strong></p>
<ul>
<li>Eduardo Ajenjo Pérez</li>
<li>Juan Alfonso Fernández García</li>
<li>Miguel Rodilla García</li>
<li>Patricia Toyos González</li>
<li>María Luisa Miravalles</li>
<li>María Andrea Perochon Fernández</li>
<li>Sara Rodilla García</li>
<li>Jesús Sánchez Sanzo</li>
<li>Agustín García Pire</li>
</ul>

<p>Director musical Joaquín Valdeón, director del Coro Universitario de Oviedo Cantante invitada permanente Mari Luz Cristóbal Caunedo Solista Pepe´l Molín Gaiteros Xaime Menéndez Luis Álvarez Pola Llorián García Flórez Cantores Aurora Alba García Manuel Álvarez Pérez Carlos Franganillo Fuentes Enedina García Gómez Santiago García Gómez Félix Martín Martínez Nuria Menéndez Alba Elena María Menéndez López [&hellip;]</p>
